{"id":182,"date":"2018-03-26T19:51:00","date_gmt":"2018-03-26T17:51:00","guid":{"rendered":"https:\/\/gite-villa-gaia.com\/?page_id=182"},"modified":"2021-11-01T09:53:12","modified_gmt":"2021-11-01T08:53:12","slug":"disponibilites","status":"publish","type":"page","link":"https:\/\/gite-villa-gaia.com\/index.php\/disponibilites\/","title":{"rendered":"R\u00e9servation"},"content":{"rendered":"\n<p>Le calendrier ci-dessous vous permet de voir les disponibilit\u00e9s du g\u00eete. Vous pouvez r\u00e9server en nous contactant directement :<\/p>\n\n\n\n<p><strong>Mail <\/strong>: <a href=\"mailto:Contact@gite-villa-gaia.com\">Contact@gite-villa-gaia.com<\/a><br><strong>Tel<\/strong> : 06 47 02 17 07<\/p>\n\n\n\n<iframe loading=\"lazy\" src=\"https:\/\/calendar.google.com\/calendar\/embed?src=emaqbitqgu7iojat8eetbl04mg%40group.calendar.google.com&amp;ctz=Europe%2FParis\" style=\"border: 0\" scrolling=\"no\" width=\"800\" height=\"600\" frameborder=\"0\"><\/iframe>\n\n\n\n<p><\/p>\n\n\n\n<p><\/p>\n\n\n\n<p>R\u00e9server par l&rsquo;organisme <em>Cl\u00e9vacances <\/em>:<\/p>\n\n\n\n<div class=\"appMountPoint-asideBooking\" data-hotel_id=\"28545\" data-room_id=\"51209\"><\/div>\n<script type=\"text\/javascript\" src=\"https:\/\/v2.clevacances.com\/assets\/widget\/sdk.js\"><\/script>\n\n\n\n<p><\/p>\n","protected":false},"excerpt":{"rendered":"<p>Le calendrier ci-dessous vous permet de voir les disponibilit\u00e9s du g\u00eete. Vous pouvez r\u00e9server en nous contactant directement : Mail : Contact@gite-villa-gaia.comTel : 06 47 02 17 07 R\u00e9server par l&rsquo;organisme Cl\u00e9vacances :<\/p>\n","protected":false},"author":1,"featured_media":0,"parent":0,"menu_order":0,"comment_status":"closed","ping_status":"closed","template":"","meta":{"ngg_post_thumbnail":0,"footnotes":""},"class_list":["post-182","page","type-page","status-publish","hentry"],"_links":{"self":[{"href":"https:\/\/gite-villa-gaia.com\/index.php\/wp-json\/wp\/v2\/pages\/182","targetHints":{"allow":["GET"]}}],"collection":[{"href":"https:\/\/gite-villa-gaia.com\/index.php\/wp-json\/wp\/v2\/pages"}],"about":[{"href":"https:\/\/gite-villa-gaia.com\/index.php\/wp-json\/wp\/v2\/types\/page"}],"author":[{"embeddable":true,"href":"https:\/\/gite-villa-gaia.com\/index.php\/wp-json\/wp\/v2\/users\/1"}],"replies":[{"embeddable":true,"href":"https:\/\/gite-villa-gaia.com\/index.php\/wp-json\/wp\/v2\/comments?post=182"}],"version-history":[{"count":36,"href":"https:\/\/gite-villa-gaia.com\/index.php\/wp-json\/wp\/v2\/pages\/182\/revisions"}],"predecessor-version":[{"id":654,"href":"https:\/\/gite-villa-gaia.com\/index.php\/wp-json\/wp\/v2\/pages\/182\/revisions\/654"}],"wp:attachment":[{"href":"https:\/\/gite-villa-gaia.com\/index.php\/wp-json\/wp\/v2\/media?parent=182"}],"curies":[{"name":"wp","href":"https:\/\/api.w.org\/{rel}","templated":true}]}}